n divisor of 578 and 68?
34
What is the greatest common factor of 166 and 4399?
83
Calculate the highest common factor of 323 and 475.
19
Calculate the highest common divisor of 22 and 121.
11
What is the greatest common divisor of 128 and 76?
4
Calculate the highest common divisor of 640 and 3800.
40
Calculate the highest common divisor of 200 and 3725.
25
Calculate the highest common divisor of 2178 and 18.
18
Calculate the highest common factor of 62 and 93.
31
Calculate the greatest common divisor of 21 and 6.
3
Calculate the greatest common divisor of 45 and 2355.
15
Calculate the highest common factor of 16 and 32.
16
Calculate the highest common factor of 69 and 5405.
23
Calculate the greatest common divisor of 248 and 40.
8
What is the highest common divisor of 3956 and 860?
172
What is the greatest common divisor of 56 and 1540?
28
What is the highest common factor of 539 and 22?
11
Calculate the highest common factor of 57 and 381.
3
What is the greatest common divisor of 26 and 312?
26
Calculate the highest common divisor of 33 and 147.
3
Calculate the highest common factor of 64 and 608.
32
What is the greatest common factor of 36 and 510?
6
What is the highest common factor of 18 and 642?
6
What is the highest common factor of 319 and 3538?
29
What is the highest common divisor of 44 and 286?
22
What is the greatest common factor of 50 and 3110?
10
What is the highest common divisor of 102 and 2295?
51
What is the greatest common factor of 493 and 1131?
29
Calculate the greatest common divisor of 4335 and 105.
15
What is the highest common factor of 72 and 180?
36
What is the greatest common divisor of 64 and 1?
1
What is the highest common divisor of 455 and 70?
35
Calculate the highest common divisor of 451 and 41.
41
What is the highest common divisor of 225 and 72?
9
Calculate the highest common factor of 475 and 2.
1
What is the highest common factor of 10 and 21?
1
Calculate the greatest common divisor of 2442 and 66.
66
Calculate the highest common divisor of 54 and 4.
2
Calculate the highest common factor of 12908 and 28.
28
What is the greatest common factor of 558 and 108?
18
Calculate the greatest common divisor of 30 and 270.
30
Calculate the highest common divisor of 38 and 76.
38
Calculate the greatest common divisor of 69 and 6049.
23
Calculate the greatest common divisor of 2665 and 10.
5
What is the greatest common factor of 410 and 370?
10
What is the greatest common divisor of 75 and 81?
3
Calculate the highest common divisor of 7 and 406.
7
Calculate the greatest common divisor of 6324 and 2046.
186
What is the greatest common divisor of 117 and 68679?
117
Calculate the highest common factor of 57 and 323.
19
What is the greatest common factor of 1378 and 442?
26
What is the greatest common divisor of 588 and 210?
42
Calculate the greatest common divisor of 4 and 1436.
4
Calculate the highest common divisor of 935 and 748.
187
What is the highest common divisor of 497 and 7?
7
What is the highest common factor of 1794 and 12?
6
What is the greatest common divisor of 42 and 5019?
21
What is the highest common factor of 28 and 21?
7
What is the highest common divisor of 28 and 21308?
28
Calculate the greatest common factor of 432 and 2700.
108
Calculate the highest common divisor of 35 and 1855.
35
Calculate the highest common factor of 36 and 12156.
12
What is the greatest common divisor of 228 and 36?
12
What is the highest common factor of 37 and 851?
37
What is the greatest common divisor of 90 and 4410?
90
What is the highest common divisor of 608 and 32?
32
Calculate the highest common divisor of 1111 and 88.
11
Calculate the greatest common divisor of 6400 and 720.
80
Calculate the highest common divisor of 4032 and 168.
168
Calculate the highest common factor of 1572 and 84.
12
What is the greatest common divisor of 1421 and 28?
7
What is the greatest common divisor of 180 and 5292?
36
What is the greatest common factor of 287 and 14?
7
What is the greatest common divisor of 726 and 1650?
66
What is the greatest common divisor of 6 and 1425?
3
Calculate the highest common divisor of 198 and 22.
22
What is the greatest common divisor of 252 and 770?
14
Calculate the highest common divisor of 845 and 130.
65
What is the greatest common factor of 2764 and 8?
4
What is the greatest common divisor of 20 and 35?
5
Calculate the greatest common factor of 38 and 874.
38
What is the greatest common factor of 15 and 35?
5
Calculate the greatest common factor of 819 and 1729.
91
Calculate the greatest common divisor of 221 and 65.
13
What is the highest common factor of 2154 and 18?
6
Calculate the highest common divisor of 19 and 19.
19
Calculate the greatest common factor of 8670 and 765.
255
Calculate the highest common factor of 12 and 1356.
12
Calculate the greatest common factor of 42 and 318.
6
What is the greatest common divisor of 7 and 1477?
7
Calculate the greatest common factor of 1508 and 1924.
52
What is the greatest common factor of 34020 and 18?
18
What is the highest common factor of 374 and 396?
22
Calculate the greatest common factor of 221 and 39.
13
Calculate the greatest common divisor of 325 and 104.
13
Calculate the highest common factor of 123 and 1394.
41
Calculate the highest common factor of 525 and 750.
75
Calculate the highest common divisor of 52 and 533.
13
What is the highest common factor of 90 and 315?
45
Calculate the greatest common factor of 574 and 656.
82
What is the highest common divisor of 55 and 99?
11
What is the highest common divisor of 98 and 518?
14
What is the greatest common divisor of 169 and 26?
13
Calculate the highest common divisor of 240 and 60.
60
Calculate the greatest common factor of 9802 and 116.
58
What is the greatest common factor of 96 and 5064?
24
What is the greatest common divisor of 1863 and 3969?
81
Calculate the highest common divisor of 5 and 940.
5
What is the highest common factor of 165 and 3927?
33
What is the highest common factor of 2288 and 308?
44
What is the highest common divisor of 132 and 462?
66
What is the highest common factor of 37026 and 22?
22
Calculate the greatest common divisor of 7 and 448.
7
Calculate the highest common divisor of 111 and 20979.
111
What is the highest common divisor of 9772 and 168?
28
What is the greatest common divisor of 45 and 95?
5
Calculate the highest common factor of 121 and 33.
11
What is the greatest common divisor of 1044 and 288?
36
Calculate the highest common divisor of 45 and 117.
9
What is the highest common factor of 3975 and 60?
15
What is the highest common factor of 98 and 56?
14
What is the highest common divisor of 18404 and 172?
172
What is the greatest common divisor of 21 and 20790?
21
Calculate the highest common divisor of 20560 and 4.
4
What is the highest common divisor of 82 and 41984?
82
What is the highest common divisor of 83 and 581?
83
Calculate the greatest common divisor of 36 and 846.
18
What is the highest common divisor of 1561 and 7?
7
Calculate the greatest common factor of 296 and 444.
148
Calculate the highest common factor of 272 and 24.
8
Calculate the greatest common factor of 3 and 229.
1
What is the highest common factor of 38 and 7771?
19
What is the greatest common divisor of 4221 and 126?
63
Calculate the highest common divisor of 1148 and 28.
28
Calculate the greatest common divisor of 7634 and 22.
22
Calculate the highest common factor of 247 and 133.
19
Calculate the highest common factor of 658 and 378.
14
Calculate the greatest common divisor of 936 and 1560.
312
What is the highest common divisor of 6225 and 30?
15
What is the highest common factor of 3781 and 19?
19
Calculate the highest common divisor of 897 and 78.
39
What is the greatest common factor of 972 and 4?
4
What is the highest common divisor of 3706 and 102?
34
What is the greatest common divisor of 32 and 88?
8
What is the highest common divisor of 22 and 638?
22
Calculate the highest common factor of 74 and 925.
37
Calculate the greatest common factor of 224 and 40208.
112
What is the highest common factor of 164 and 820?
164
Calculate the highest common divisor of 91 and 819.
91
What is the highest common factor of 15 and 465?
15
What is the highest common divisor of 790 and 